he hundreds digit of m?
2
Suppose -58919 = -7*v + 13972. Suppose -28*x - v = -37*x. What is the hundreds digit of x?
1
Let x = -79343 - -140109. What is the ten thousands digit of x?
6
Let g = -12385 - -25676. What is the tens digit of g?
9
Let x(b) = -b**3 + 13*b**2 + 8*b - 15. Let q be x(8). Let i = 745 - q. What is the units digit of (i/6)/((-8)/(-12))?
4
Suppose 0 = 4*v - 5*u - 9381, -3*u - 5 = -2. What is the thousands digit of v?
2
Let d = 4422 - 3688. What is the hundreds digit of d?
7
Suppose -4*h - 27 = -4*c - c, -3*h = 4*c + 28. What is the hundreds digit of (h/10)/(36/(-4860))?
1
Let l(k) = -3*k - 7. Suppose 0 = -6*u + 10*u + 12. Let g be l(u). What is the units digit of 106 + 3/6*g?
7
Let x(k) = -2*k**3 - 5*k**2 + 20*k + 299. What is the tens digit of x(-13)?
8
Suppose -3*s = h + 54 + 7, -2*h = -2*s + 138. Let x = 166 + h. What is the units digit of x?
9
Let d = -7 + 6. Let o be d*2*1*(-14 - -12). What is the hundreds digit of 6/o*(-3936)/(-36)?
1
Suppose -2*h = h - 132. What is the units digit of (39*-2)/(h/(-22))?
9
Let q(l) be the third derivative of l**6/15 + l**5/60 - l**4/3 - 2*l**3/3 + 10*l**2. What is the tens digit of q(3)?
9
Suppose 11*a - 15*a - 5*y = -203, 2*a - 2*y - 124 = 0. Suppose -3*l = 579 - a. Let f = -146 - l. What is the tens digit of f?
2
Let u be (-5)/(-3) + 2/(-4 + 10). Suppose -4*b + u + 794 = 0. What is the hundreds digit of b/3*(-7 + (2 - -8))?
1
Let d = -935 + 946. Suppose 0 = -4*s - 5*z + 2887, -4 - d = 3*z. What is the hundreds digit of s?
7
Let o = -920 + 10633. What is the units digit of o?
3
What is the units digit of ((-315)/(-28))/(((-225)/(-13960))/15)?
0
Let x(i) be the first derivative of 68*i**3/3 + 13*i + 4. Let r be x(3). What is the tens digit of -3 + r/7 - (-4)/(-14)?
8
Suppose 2*d = -135 + 141. Suppose -u + w + 18 = -d*w, -2 = w. What is the hundreds digit of 1394/u + 3 + 68/(-20)?
1
Let h be -5*2*22/(-110). Let u(x) = 4*x**3 - 9 + 24*x - x**3 + 17*x**2 - h*x**3 - 7. What is the tens digit of u(-14)?
3
Let k = 566 + -483. Suppose 4*x - x = -237. Let p = k + x. What is the units digit of p?
4
Suppose 51*h - 5659525 = -0*h - 1797703. What is the hundreds digit of h?
7
Suppose -4*v + 5 = 9, 2*v = -2*k + 112. Suppose k*n - 51*n = 9798. What is the thousands digit of n?
1
Suppose 663 = -2*a - a. Suppose -27*h - 157 = -26*h. Let k = h - a. What is the units digit of k?
4
Let c(a) = -13*a**3 - 9*a**2 - 13*a - 101. What is the hundreds digit of c(-7)?
0
Let j(v) = v + 10. Let m be j(-5). Suppose a - 2*s - 3 = m, 0 = a - 3*s - 10. What is the tens digit of 20 + 4/((-8)/a)?
1
Let n = -42 + 39. Let c be n - 2*-10*(-2)/(-8). Suppose 3*q = k + 184, 6*k = 5*q + c*k - 309. What is the units digit of q?
1
What is the thousands digit of 6*(4626/10 - 2*9/(-45))?
2
Let m(z) = -10729*z + 130. What is the tens digit of m(-3)?
1
Let t be 7 + -1*4/4*4. Suppose -q + 4677 = t*s, -s - 2*q = -914 - 645. What is the units digit of s?
9
Let n = -151 - -57. Let t = n - -83. Let g(y) = 2*y**2 + 16*y + 22. What is the tens digit of g(t)?
8
Suppose 3*v = -2*o + 20, -3*o - 5*v + 15 + 17 = 0. Let z(l) = l**2 - 5*l + 13. Let t(q) = 1. Let y(b) = o*t(b) + z(b). What is the tens digit of y(13)?
2
Let i(q) = -q + 1. Let c(d) = 3*d - 2. Let j(y) = c(y) + 4*i(y). Let f be j(4). What is the hundreds digit of (((-4508)/16)/7)/(f/8)?
1
Suppose -168293 + 63473 = -15*y. What is the hundreds digit of y?
9
Let x = 31142 + -2389. What is the hundreds digit of x?
7
Suppose 10*f - 6*f = 164. Suppose -24 = -z + 5*q, q = -3*z - 3 + 27. Let s = z + f. What is the tens digit of s?
5
Let g = 21 + -24. What is the tens digit of g/(((-9)/(-642))/(-1))?
1
What is the hundreds digit of (-13 - 3425/(-50))*626?
7
Let c(i) = 411*i + 48. Let w(z) = 3*z + 92. Let x be w(-30). What is the units digit of c(x)?
0
Suppose -3*n = -4*z + 113965 + 77900, -28 = 4*n. What is the ten thousands digit of z?
4
What is the tens digit of 2 + 8 + (99 - -5885)?
9
Let p(a) = -4*a**3 + 24*a**2 + 160*a + 141. What is the ten thousands digit of p(-13)?
1
Suppose 3*z - 5*z = -28. Suppose -m + z = -0*m. Let t = 8 + m. What is the units digit of t?
2
Let t(n) = n**3 + 27*n**2 + 3*n + 25. Let m be t(-21). Suppose -4*g = 4 - m. What is the units digit of g?
1
Let t = 428 + -420. Suppose -1775 + 10199 = t*g. What is the thousands digit of g?
1
Let r = 19734 + -7248. What is the units digit of r?
6
Suppose -8*w + 3*w = 60. Let i = w + 20. What is the units digit of (i/(-3))/((-327)/108 - -3)?
6
Let k(c) = -c**3 + 5*c**2 + 46*c - 2. Let j be k(-9). What is the tens digit of j/(-3 + 4) + (-1 - -3)?
2
Suppose -5*u - 18 = -2*u. Let a(y) = -15 - 13*y - 9*y + 28 + 7*y + 5. What is the hundreds digit of a(u)?
1
Let l(i) = 9*i + 23. Let h be l(-2). Suppose -4*q + 70 = 2*a - 74, 4*a - 288 = h*q. What is the tens digit of a?
7
Let j(t) = -t**2 - 6*t - 5. Let v be j(-4). Suppose -v*z + 2560 = 637. Suppose -4*f + z = 5*o, -5*o - f + 0*f = -644. What is the units digit of o?
9
Let s be 21/(-84) - (-3)/(-4). Let c be -2*((s - -2) + (-910)/4). Suppose c = 5*d - 232. What is the hundreds digit of d?
1
What is the thousands digit of 87744 + 20 + -35 + 18?
7
Let d = 4631 + 302. What is the tens digit of d?
3
What is the ten thousands digit of (-19)/(570/(-314958)) - 2/(10/3)?
1
Suppose 0 = 4*h + 16 + 204. Let o = -53 - h. Suppose 4*y - o*u + 4*u = 272, 0 = 2*y - 4*u - 146. What is the tens digit of y?
6
Let w be (-332)/((8 + 1)*(-4)/(-36)). Let s = w - -472. What is the tens digit of s?
4
Let n = -66 + 68. Let i(q) = -6 + 8 - 9*q + 7 + q**n. What is the units digit of i(8)?
1
Let h = 73688 - 42244. What is the units digit of h?
4
Suppose -11*a = -14*a + 15. What is the hundreds digit of 122 - -1*a*(-54)/(-90)?
1
Let u(a) = 522*a - 2212. What is the units digit of u(15)?
8
Let y(d) = 243*d**2 + 2*d - 6. Let z = 422 + -420. What is the tens digit of y(z)?
7
Let t be (1/1)/((10/324)/5). Let g be (-5 - -3)/(4/t). Let j = g - -199. What is the units digit of j?
8
Let r(k) = k**3 - 63*k**2 - 212*k + 170. What is the tens digit of r(67)?
2
Let a = -294 - -300. Suppose -a*k + 3725 = -k. What is the tens digit of k?
4
Let i(b) be the third derivative of -b**3 + 0 + 0*b + 12*b**2 + 19/24*b**4. What is the tens digit of i(3)?
5
Let p be (-3)/(-9) - (-10)/15. Let c be (-12)/10*(78/(-12) - p). Let d = c + 26. What is the units digit of d?
5
Suppose 0 = -o - 1 + 5. Suppose -5*c - 3395 = -o*p, -2*c + 78 = -p + 926. What is the tens digit of p?
5
Suppose 0 = -w - y - 3, 2*w - 5*y = -2*y + 19. Let q(t) = -t + 2. Let c be q(w). Suppose 0*n - n + 2*v + 35 = c, -4*n + 148 = -4*v. What is the tens digit of n?
3
Suppose -4*k = -h - 87836, -h + 109804 = 17*k - 12*k. What is the thousands digit of k?
1
Suppose 7 = -4*a - 5, 0 = 3*w + 2*a - 17865. Suppose -1803 = -10*r + w. What is the tens digit of r?
7
Let p be (160/24)/5*(-3)/(-2). Suppose 3*c - 808 = -p*h, h - 4*c = 113 + 269. What is the tens digit of h?
9
Let t(v) = 65379*v**3 + 3*v**2 - 6*v + 6. What is the hundreds digit of t(1)?
3
Let h(d) = 11702*d**2 - 11*d - 7. What is the thousands digit of h(-2)?
6
Let v = 28830 - 15510. What is the tens digit of v?
2
Let b(m) = m + 12. Let x be b(-18). Suppose -7 - 1 = 4*o, -2*o = 5*t + 1214. What is the tens digit of x/36 + t/(-12)?
2
What is the units digit of (-10 + (-2 - 691))*-1?
3
Let c(v) = 45*v**2 - 76*v + 46. What is the hundreds digit of c(-9)?
3
Let h(g) be the second derivative of -g**4/12 - 9*g**3/2 - 63*g**2/2 + g + 16. What is the units digit of h(-8)?
9
Let t = -348 + 347. What is the hundreds digit of (-75)/(-50)*(2750/6 - t)?
6
Suppose 5*i + 0*i = -3*w + 42, -3*w - i + 42 = 0. Let n = w - -65. Suppose -3*t - 108 = -3*m, -n = -4*m - 5*t + 29. What is the tens digit of m?
3
Let t(j) = -47*j - 45. Let w be t(-1). What is the hundreds digit of 882*w*(-7)/(-14)?
8
Let g = 74524 - 23766. What is the hundreds digit of g?
7
Suppose 0 = 8*m - 24 + 88. Let t(j) = -24*j - 69. What is the units digit of t(m)?
3
Let w(t) = -33*t**3 + 4*t**2 + 6*t + 1. Let i be w(-1). Suppose 24*l = i*l - 3008. What is the units digit of l?
6
Let p(k) = -k**3 + 5*k**2 - 3*k - 2. Let o be p(4). Let t(h) = 2 + 4*h**2 + 0 + o - 9 + 4*h. What is the units digit of t(-3)?
9
Suppose 4*q - 52 + 40 = 0. What is the tens digit of 48/40*1940